uppose l - 115 = -4*x - 30, l = -i*x + 80. Calculate the greatest common factor of 39 and l.
13
Suppose 8520 = -188*l + 196*l. Calculate the highest common divisor of 45 and l.
15
Let z = 4139 - 3160. Calculate the highest common divisor of z and 66.
11
Let i = 119 - -192. Suppose 2*x + 116 = 3*n - i, -2*x = 4*n - 588. Let v be n - 4*(-25)/(-20). What is the greatest common factor of v and 35?
35
Let r be (-3)/(17/((-4641)/63)). What is the greatest common divisor of r and 8047?
13
Let n = -18959 - -19385. Calculate the greatest common divisor of n and 19809.
213
Let l(h) = -h**2 + 46*h - 233. Let d be l(15). What is the highest common factor of d and 551?
29
Suppose -84 - 240 = -2*p. Suppose -13*i = -16*i + p. Suppose -20 = -2*k + 16. What is the highest common factor of k and i?
18
Suppose -7*q = 656 + 905. Let z = q + 419. What is the greatest common factor of 343 and z?
49
Let d = -3630 + 3643. Calculate the greatest common divisor of d and 7852.
13
Let r = 160 + -31. Suppose -3*i + r = 45. What is the greatest common factor of 21 and i?
7
Let a be (22 - -2)/(-2 + (-120)/(-54)). Calculate the greatest common divisor of a and 6912.
108
Let v(d) be the second derivative of -26*d + 1/4*d**4 + 0 - 6*d**2 + 5/2*d**3. Let z be v(-6). Calculate the greatest common divisor of z and 2.
2
Let n be (1 - (-460)/28) + 4/7. Let b = 31 + -12. Suppose -2 = b*a - 20*a. What is the greatest common divisor of a and n?
2
Let c = -2331 + 2386. Calculate the highest common divisor of 5 and c.
5
Suppose -2*x - 280 = -6*x - 5*h, -5*h = 3*x - 215. Suppose 17*j = 16*j - 18. Let f be (j/24)/(321/(-156) - -2). Calculate the highest common divisor of f and x.
13
Suppose 0 + 3 = c, -3*z + 615 = -4*c. Let h be (-48)/128 - ((-1015)/40 - -3). What is the greatest common factor of z and h?
11
Suppose b = -3*t + 1, 4*b - 4 = 29*t - 24*t. Suppose t = 2*p - 3*f - 135, -21 = -p + f + 49. What is the greatest common divisor of 175 and p?
25
Let q(x) = -x**3 - 21*x**2 - 103*x - 22. Let j be q(-4). What is the greatest common divisor of j and 649?
59
Suppose -36*k + 147 = -33. Suppose -2*j - 2*j + k*w + 86 = 0, -92 = -4*j + 2*w. What is the greatest common divisor of 24 and j?
24
Suppose -5*r = 5*x + 120, x + 2*x = r - 72. Let l = -21 - x. Suppose -6*t + 4 = -194. What is the highest common factor of l and t?
3
Suppose -87 + 375 = 4*r - 4*t, -276 = -4*r - 2*t. Calculate the greatest common divisor of r and 364.
14
Let y(q) = -13*q - 21 - 5 + 95 + 51. Let u be y(8). What is the greatest common divisor of u and 16?
16
Let q be (13 - 11) + (-5 - (5 - 60)). What is the highest common factor of q and 8684?
52
Suppose 0 = -5*z + 8*z + 141. Let y = z + 152. Calculate the highest common divisor of y and 14.
7
Let o(w) = 6*w**2 + 11*w + 10. Let d be o(-1). Suppose -3*h = -d*b - 245, -19 = 5*b + 1. What is the greatest common factor of h and 100?
25
Let t(u) = -u + 20. Let c be t(12). Let f(k) = c*k - 2*k - 3 - 3 + 2*k. Let m be f(3). Calculate the greatest common factor of m and 126.
18
Let l(z) = -z**2 - 10*z + 27. Suppose 3*n - 51 = 5*a, -2*a + 3*n - 18 = n. Let m be l(a). Calculate the highest common factor of 21 and m.
3
Let k(f) be the first derivative of 4*f**3 - 31/2*f**2 - 12 - 1/4*f**4 + 3*f. Let w be k(6). What is the highest common factor of w and 77?
11
Let v be (-116)/10 - (-2)/(-5). Let f = v - -33. Let z(a) = a**2 - 261*a + 6332. Let y be z(234). What is the highest common divisor of f and y?
7
Let r = -29 - 76. Let j = r + 113. Let l(u) = -2*u**3 - 5*u**2 + 6*u - 7. Let h be l(-5). Calculate the highest common divisor of h and j.
8
Let d = -29 - -87. Suppose 0 = -151*h + 167*h - 1184. Let f = h - -71. Calculate the highest common divisor of d and f.
29
Let b = -186 + -366. Let x = -266 - b. Let m be x/(-39)*6/(-4). Calculate the highest common factor of 88 and m.
11
Let r(g) = -g**2 - 32*g + 24. Let p be r(0). Calculate the highest common divisor of p and 1104.
24
Suppose 0 = 12*j - 8*j - 208. Let s be j + (-6)/2 + 6. Let y = -46 + s. Calculate the highest common divisor of 27 and y.
9
Suppose -6*j = 4*j - 1800. Let s = -179 + j. Calculate the greatest common factor of s and 3.
1
Let p = -351 - -353. Suppose -4*s = -5*z - 120 + 540, p*z = -3*s + 145. Calculate the highest common factor of 96 and z.
16
Suppose -47*j + 2118 + 6022 = 101*j. Let x(f) = 274*f**2 + f. Let h be x(1). Suppose 7*l - 12*l = -h. What is the highest common divisor of j and l?
55
Let o be 38756/8 + (121/22 - 6) - 6. What is the highest common factor of 118 and o?
118
Suppose 1381 = 71*t + 356 - 1531. What is the highest common factor of t and 2169?
9
Suppose 0 = -5*p + 9*s - 5*s + 186, -4*p - 5*s + 198 = 0. Calculate the highest common divisor of p and 3402.
42
Suppose -4*l + 351 = 3*a, 11*l + 276 = 14*l - 2*a. Calculate the highest common divisor of 455 and l.
5
Let h = 97 + -161. Let u = -29 - h. Let x = u - -31. Calculate the highest common divisor of x and 22.
22
Let k be (-114)/(-9) + 6/(-9). Let a = -5930 + 5939. What is the greatest common divisor of k and a?
3
Let k = -2308 + 2448. What is the greatest common factor of k and 2044?
28
Let s(z) = -4*z - 8. Let c be s(-6). Let d be (-1 + (-6)/(-10))/(87/(-83520)). Let u be 2/(((-66)/d)/(-11)). Calculate the highest common divisor of u and c.
16
Let t be (-728656)/(-720) - (-8)/(-36) - 2/(-10). Calculate the greatest common factor of t and 184.
92
Let k be ((-50)/(-10) + -7*1)*-2*377. Calculate the greatest common factor of 65 and k.
13
Suppose 0 = -5*a - 5, m + 4*a - 86 = -m. Let i = m - 20. Let c = 41 - i. What is the greatest common divisor of 32 and c?
16
Let n = -140 - -178. Let c(b) = b**2 - 36*b - 65. Let p be c(n). What is the greatest common factor of 121 and p?
11
Let l(d) = -d**3 - 28*d**2 + 42*d + 115. Let o be l(-32). What is the greatest common divisor of 427 and o?
61
Let a = 23 + -20. Suppose -17*i = -16*i - 6. Suppose 4*s + 48 = i*s. What is the highest common factor of a and s?
3
Let z = -9 - -12. Suppose -2*u = 5*i + 13, 4*u - z*i - 34 = -i. Suppose 0 = 3*j - u. What is the highest common factor of 10 and j?
2
Let s = 18 - 18. Suppose 2*q - 2 = 2*l - 4*l, s = 2*q - 3*l - 27. Suppose -u = -49 - q. Calculate the highest common divisor of 11 and u.
11
Suppose -3*a + 0*a = -24. Let i be 7 + 98 + (4 - (-45)/(-72)*8). What is the greatest common divisor of a and i?
8
Suppose -14*l + 5*l - 3*l = -51876. Calculate the greatest common factor of 33 and l.
33
Suppose 1152 = 27*o - 11*o. Suppose -4*g + 2*r = -352, -4*g + 3*r + o + 280 = 0. Calculate the greatest common divisor of 24 and g.
8
Let v be 510/(-340)*(-142)/3. What is the highest common factor of 3 and v?
1
Let j be (-1 + 2)*(0 - -12). Let r(v) = -4 - 14*v + 15327*v**3 - 8 + 6*v**2 - 15326*v**3. Let p be r(-6). Calculate the highest common factor of p and j.
12
Suppose 3*f - 5*k = 5075, -k = -111*f + 112*f - 1673. Calculate the highest common factor of f and 24.
24
Suppose 89*k = -221*k + 23250. What is the highest common divisor of 10625 and k?
25
Let x = 546 + -386. Suppose -4*t + 4*j - x = 0, -j = -2*t - 0*j - 82. Let r = t - -54. What is the greatest common divisor of r and 30?
6
Suppose 26356 - 7332 = 16*t. Calculate the highest common divisor of t and 29.
29
Let b(r) = 22*r**2 + 251*r + 3586. Let f be b(-15). Calculate the greatest common factor of f and 117.
13
Let w = -21914 - -29761. Calculate the greatest common divisor of w and 532.
133
Suppose -j - 4*t - 436 = 3*j, -1 = t. Let h = j + 122. Calculate the highest common divisor of h and 378.
14
Let v be (9 + -1038)*2/6. Let m = -334 - v. Calculate the greatest common divisor of m and 27.
9
Let x(v) = 6*v**2 - 33*v + 1. Suppose 5*g + 22 = 2*o, 3*o = 4*g + 9 + 17. Let q be x(o). What is the greatest common factor of q and 608?
19
Suppose 4*m + 3*y - 101 = 80, -4*y = -4*m + 188. Calculate the greatest common factor of m and 3151.
23
Suppose -17733 = -5*r + q, -r + 0*q + 3537 = 3*q. What is the highest common divisor of 18 and r?
18
Let v be 3 + (2 - -81) - 72/12. Let k(u) = -1 - 12 - 4*u - 2*u + u. Let h be k(-9). Calculate the greatest common divisor of h and v.
16
Let a be ((-18)/8)/((-3)/4). Suppose a*p = x + 17, 0*p - p = 4*x - 10. Let o = 75 - 33. Calculate the highest common divisor of o and p.
6
Suppose -45 = -l